{"id":9,"date":"2016-09-19T19:04:42","date_gmt":"2016-09-19T19:04:42","guid":{"rendered":"http:\/\/jlbalaguero.com\/?page_id=9"},"modified":"2018-03-27T18:56:06","modified_gmt":"2018-03-27T18:56:06","slug":"pintura","status":"publish","type":"page","link":"https:\/\/jlbalaguero.com\/index.php\/es\/obra\/pintura\/","title":{"rendered":"Pintura"},"content":{"rendered":"<p>[et_pb_section admin_label=\u00bbsection\u00bb][et_pb_row admin_label=\u00bbrow\u00bb][et_pb_column type=\u00bb4_4&#8243;][et_pb_text admin_label=\u00bbTexto\u00bb background_layout=\u00bblight\u00bb text_orientation=\u00bbcenter\u00bb use_border_color=\u00bboff\u00bb border_color=\u00bb#ffffff\u00bb border_style=\u00bbsolid\u00bb]<\/p>\n<h3 style=\"text-align: center;\"><strong><span style=\"color: #000000;\">Pintura<\/span><\/strong><\/h3>\n<p><a href=\"https:\/\/jlbalaguero.com\/index.php\/es\/obra\/pintura\/cuando-ir-es-volar\/\">Cuando Ir es Volar <\/a><\/p>\n<p><a href=\"https:\/\/jlbalaguero.com\/index.php\/es\/obra\/pintura\/cuando-ir-es-volar\/\">Es la obra m\u00e1s reciente de Jos\u00e9 Luis Balaguer\u00f3, realizada entre el 2015 y la actualidad.<\/a><\/p>\n<p><a href=\"https:\/\/jlbalaguero.com\/index.php\/es\/obra\/pintura\/cuando-ir-es-volar\/\">Haz click para ver m\u00e1s.<\/a><\/p>\n<p><a href=\"https:\/\/jlbalaguero.com\/index.php\/es\/obra\/pintura\/cuando-ir-es-volar\/\"><img loading=\"lazy\" decoding=\"async\" class=\"aligncenter wp-image-1094 size-medium\" src=\"https:\/\/jlbalaguero.com\/wp-content\/uploads\/2018\/03\/0000-A1-77-2017-B-300x254.jpg\" alt=\"\" width=\"300\" height=\"254\" srcset=\"https:\/\/jlbalaguero.com\/wp-content\/uploads\/2018\/03\/0000-A1-77-2017-B-300x254.jpg 300w, https:\/\/jlbalaguero.com\/wp-content\/uploads\/2018\/03\/0000-A1-77-2017-B-768x651.jpg 768w, https:\/\/jlbalaguero.com\/wp-content\/uploads\/2018\/03\/0000-A1-77-2017-B.jpg 800w\" sizes=\"auto, (max-width: 300px) 100vw, 300px\" \/><\/a><\/p>\n<p>[\/et_pb_text][\/et_pb_column][\/et_pb_row][\/et_pb_section][et_pb_section admin_label=\u00bbsection\u00bb][et_pb_row admin_label=\u00bbrow\u00bb][\/et_pb_row][\/et_pb_section]<\/p>\n","protected":false},"excerpt":{"rendered":"<p>Pintura Cuando Ir es Volar Es la obra m\u00e1s reciente de Jos\u00e9 Luis Balaguer\u00f3, realizada entre el 2015 y la actualidad. Haz click para ver m\u00e1s.<\/p>\n","protected":false},"author":5,"featured_media":0,"parent":15,"menu_order":0,"comment_status":"open","ping_status":"closed","template":"","meta":{"_et_pb_use_builder":"on","_et_pb_old_content":"","_et_gb_content_width":"","footnotes":""},"class_list":["post-9","page","type-page","status-publish","hentry"],"_links":{"self":[{"href":"https:\/\/jlbalaguero.com\/index.php\/wp-json\/wp\/v2\/pages\/9","targetHints":{"allow":["GET"]}}],"collection":[{"href":"https:\/\/jlbalaguero.com\/index.php\/wp-json\/wp\/v2\/pages"}],"about":[{"href":"https:\/\/jlbalaguero.com\/index.php\/wp-json\/wp\/v2\/types\/page"}],"author":[{"embeddable":true,"href":"https:\/\/jlbalaguero.com\/index.php\/wp-json\/wp\/v2\/users\/5"}],"replies":[{"embeddable":true,"href":"https:\/\/jlbalaguero.com\/index.php\/wp-json\/wp\/v2\/comments?post=9"}],"version-history":[{"count":21,"href":"https:\/\/jlbalaguero.com\/index.php\/wp-json\/wp\/v2\/pages\/9\/revisions"}],"predecessor-version":[{"id":1194,"href":"https:\/\/jlbalaguero.com\/index.php\/wp-json\/wp\/v2\/pages\/9\/revisions\/1194"}],"up":[{"embeddable":true,"href":"https:\/\/jlbalaguero.com\/index.php\/wp-json\/wp\/v2\/pages\/15"}],"wp:attachment":[{"href":"https:\/\/jlbalaguero.com\/index.php\/wp-json\/wp\/v2\/media?parent=9"}],"curies":[{"name":"wp","href":"https:\/\/api.w.org\/{rel}","templated":true}]}}